divided by 8?
6
What is the remainder when 186 is divided by 40 - 20 - ((-3)/1)/(-1)?
16
Suppose 3*f = 16 + 26. Calculate the remainder when 25 is divided by f.
11
Suppose 4*z + 3 = z, -4*g + 118 = -2*z. What is the remainder when g is divided by 5?
4
Let b(d) = -d**3 + 9*d**2 + 14*d - 12. Calculate the remainder when 81 is divided by b(10).
25
Let s = 4 - 2. Suppose -2*r = -o + 9, -2*o + r + 20 = -s*r. What is the remainder when 51 is divided by o?
12
Suppose 5*q + 10 = 0, -r + 2*r + 2*q = -4. Suppose r*s - 2*s + 8 = 0. Suppose -2 = 2*b, 4*b - 12 = -s*a - 0*b. What is the remainder when a is divided by 3?
1
Suppose -62 - 43 = -15*w. What is the remainder when (-204)/(-10) - 6/15 is divided by w?
6
Suppose 0 + 3 = 3*t. What is the remainder when 17 is divided by (-18)/15*(-6 + t)?
5
Let b = -12 - -22. Suppose -17 = -4*n + 3*j - 3, 3*j = n - 8. Calculate the remainder when n/4 - (-105)/6 is divided by b.
8
Let k = -3 + 5. What is the remainder when (-2 - (-4 + 5))*(-10)/6 is divided by k?
1
Suppose 0 = 5*q - 2*q - 39. Let w be 1/((1/(-5))/(-1)). Suppose -10 = -2*l + w*t, -2*l - t + 5 = -l. What is the remainder when q is divided by l?
3
Let f(c) = -c**2 - 7*c - 6. Let y(a) = -4*a**2. Let n be y(1). Calculate the remainder when f(-4) is divided by 0/(0 + -4) - n.
2
Let q(f) = 2*f**2 - 7*f + 5. Calculate the remainder when 24 is divided by q(4).
6
Let s(w) = 2*w**3 - 6*w**2 - 4*w - 5. What is the remainder when s(5) is divided by 19?
18
Suppose 5*g - 4*i = 659, 4*g + i = 5*i + 528. Suppose 4*w = z + 85, -g = -5*w + 2*z - 27. Calculate the remainder when w is divided by 6.
4
Let d be (-32)/(-24) + (-2)/6. Calculate the remainder when 252/7 - 2*d is divided by 9.
7
Suppose 2*z - 4*l - 146 = 0, -292 = -4*z - 3*l - 0*l. Let p be (-601)/(-5) + (-1)/5. Let t = p - z. What is the remainder when t is divided by 16?
15
Suppose 2*p - p - 10 = 0. What is the remainder when (((-196)/8)/(-1))/(1/2) is divided by p?
9
Let r = 14 + -3. Suppose -5*z = -79 - r. Let v(a) = 2*a + 113. What is the remainder when v(-22) is divided by z?
15
Suppose -4*p - 1 = -3*j, p - 3*p + 10 = 2*j. What is the remainder when (-3 - 123/(-6))*p is divided by 13?
9
Suppose 0 = 2*d - l - 11, -2*d + 3*l = -0*d - 21. Suppose 38 = -g + d*g. What is the remainder when g is divided by 10?
9
Let r(o) = 21*o**2 - o - 1. Calculate the remainder when r(-1) is divided by 8.
5
Let u(w) = w**2 + 11*w - 45. Calculate the remainder when u(-19) is divided by 27.
26
Suppose -2*x = -5*x. Suppose 0*y + 197 = 4*h + y, x = -2*h + 2*y + 106. Suppose -3*g = -3 - 36. What is the remainder when h is divided by g?
11
Let i(y) = -2*y**2 - 17*y - 16. What is the remainder when 23 is divided by i(-7)?
3
Let w = 961 + -947. Let f(x) = x**3 + x**2 + x + 2. What is the remainder when f(3) is divided by w?
13
Let p = 7 + -1. What is the remainder when p is divided by 3?
0
Suppose -5*n + 18 = -32. Let s(z) = -z**3 - 6*z**2 - 7*z - 3. Calculate the remainder when s(-6) is divided by n.
9
Suppose -5*h + c + 11 + 67 = 0, -5*h = 2*c - 69. What is the remainder when (0 + 2 - 1) + 26 is divided by h?
12
Let o(d) be the third derivative of d**5/60 + 5*d**4/24 + 4*d**3/3 + 3*d**2. What is the remainder when o(-8) is divided by 11?
10
Let c = 218 + -154. Suppose 2*o - 4*v + 7 = 195, 20 = 4*v. Suppose o = 5*l - 2*g, 5*l - 67 - 40 = g. What is the remainder when c is divided by l?
20
Suppose -2*p + 12 = -2*i, -3*i - 2*i = p. Suppose 2*w = -4*u + 78, -4*w = 6*u - u - 105. Calculate the remainder when u is divided by p.
2
Suppose -y + 3 = 2*y. Let u = 3 - y. Suppose -4*j + 38 - u = 0. What is the remainder when 25 is divided by j?
7
Suppose 0 = 4*o - 5*t - 17, -t + 7 = -o + 4*t. Calculate the remainder when 21 is divided by o.
5
Suppose -4*m - 7 + 43 = 0. Let v = -2 + 0. Let z(y) = -12*y + 2. Calculate the remainder when z(v) is divided by m.
8
Suppose 2*a + 20 = 94. What is the remainder when 108 is divided by a?
34
Let g be 1 + 4 + -5 + 9. Suppose 37 = b - g. Let z(n) = 2*n**2 + 8*n + 6. What is the remainder when b is divided by z(-5)?
14
Let l(r) = -2*r + 27. What is the remainder when l(5) is divided by 9?
8
Suppose -76 = -4*l - 4*p, 2*l - 34 + 8 = 4*p. What is the remainder when l is divided by 6?
5
Suppose 3*d + 0*q - 21 = q, -5*d - q = -35. Suppose 0 = -d*v + 12*v - 200. Calculate the remainder when v is divided by 14.
12
Suppose z + z = 0. Suppose -p - 2*b = z, -5*b = 4*p - 5 - 1. Suppose p*u - 245 = -61. What is the remainder when u is divided by 16?
14
Let q = 59 - 45. Let n(a) = 7*a**2 + 2*a + 1. What is the remainder when n(-2) is divided by q?
11
Suppose 0 = -h + 4*n + 21, 2*n - 2 = 2*h - 26. What is the remainder when h is divided by 5?
4
What is the remainder when ((-28)/6)/(2/(-9)) is divided by 13?
8
Let t = -14 + 25. Suppose -3*p + 15 - 3 = 0. Suppose -2*h - 5*z + 40 = 0, p*h + 3*z - 85 + 5 = 0. Calculate the remainder when h is divided by t.
9
Suppose -139 = -2*w + t - 4*t, -360 = -5*w - 5*t. What is the remainder when w is divided by 41?
36
Let l = -7 + -18. Let v = -17 - l. Calculate the remainder when 15 is divided by v.
7
Let k(g) = 9*g**3 - 6*g**2 - g - 7. Let q(x) = -x**3 + x**2 + x + 1. Let m(s) = k(s) + 4*q(s). What is the remainder when m(2) is divided by 9?
8
Suppose 0 = -n - o, -7*o = -3*n - 3*o + 14. Suppose n*a = 6*a + 20. Calculate the remainder when 2 is divided by ((-6)/15)/(1/a).
0
Let z = -58 - -66. Let k(p) = -9*p + 6. Let c(n) = n. Let q(h) = -5*c(h) - k(h). What is the remainder when q(9) is divided by z?
6
Suppose -5*i - 5*h = -80, -3*i = -4*h + 3*h - 68. What is the remainder when (-6)/14 + (-283)/(-7) is divided by i?
19
Suppose 0 = 4*y + 3*r - 328, 13*y + 2*r = 9*y + 328. Calculate the remainder when y is divided by 23.
13
Suppose 5*i = 111 + 34. Calculate the remainder when 55 is divided by i.
26
Let o be (-4)/(-14) - (-178)/14. Suppose 0 = 5*y - 3*j - o, -y - 2*j + 1 = -j. What is the remainder when 3 + -1*(1 + -2) is divided by y?
0
Suppose 4*j = 7*j - 9. Suppose 2*w + 2*h - 28 = 0, h + j*h = w + 1. Let d = -7 - -38. What is the remainder when d is divided by w?
9
Let m(w) = -8*w + 4. Let z be m(-11). Suppose -z - 133 = -5*n. Calculate the remainder when n is divided by 23.
22
Let z(a) = -a**2 - 5*a - 4. Let d be z(-4). Suppose 6*y - 2*y = -x + 2, d = 4*y + 8. Calculate the remainder when 28 is divided by x.
8
Let a(x) = 3*x. Let r be a(1). Suppose -r*h + 0*h = -3. Calculate the remainder when h is divided by 1.
0
Let i(o) = o**3 - 10*o**2 + 8*o + 15. What is the remainder when i(9) is divided by 2?
0
Let c(f) = -28*f**3 + 2*f**2 + 2*f + 1. Calculate the remainder when c(-1) is divided by 58/6 + 1/3.
9
Let z = -42 - -81. Suppose x - 39 = -5*s, 0 = 2*x - 2*s - 10 - 8. What is the remainder when z is divided by x?
11
Let p = 0 - 5. Let u = -12 - p. Let v(r) = -6*r - 10. What is the remainder when v(u) is divided by 17?
15
Let j be ((-2)/(-3))/(4/102). Suppose -j - 8 = -v. Suppose -2*y = -3*y + v. Calculate the remainder when 73 is divided by y.
23
Suppose -5*y + 125 = 5*d, 0*d + 5*d + 4*y - 120 = 0. Let t = d + -14. Calculate the remainder when 23 is divided by t.
5
Suppose -129 = -2*c - 3*z, c + 0*c - 42 = 3*z. What is the remainder when 112 is divided by c?
55
Let v = -19 + 208. Calculate the remainder when v is divided by 48.
45
Let t(h) = -h**3 - h**2 - h + 2. Let j be t(0). What is the remainder when (0 - j)/((-6)/141) is divided by 16?
15
Let n be (1 - 3)/((-4)/18). Let l = 5 + n. Suppose 4*p - b = -0*p + 106, 0 = p + 2*b - 31. What is the remainder when p is divided by l?
13
Suppose -x + 2*g = -31, 0*g - 47 = -2*x - g. Suppose 5*s + 5*p - x = 0, 12 = -3*p + 7*p. Suppose -34 = -2*u - s. What is the remainder when 30 is divided by u?
14
Suppose d + 45 = -4*d. Let u = -24 - d. Calculate the remainder when 39 is divided by 50/(-4)*12/u.
9
Let w = 31 - 7. What is the remainder when 117 is divided by w?
21
Let p(a) = 0*a**2 - 3*a**2 + 4*a**2 - 5 + 0*a**2. Calculate the remainder when 31 is divided by p(4).
9
Let i(p) = 2*p**2 + 1. Let v be i(-1). Suppose o = v*o - 34. Calculate the remainder when 49 is divided by o.
15
Suppose -5*m + 299 = -71. Calculate the remainder when m is divided by 19.
17
Suppose k + 3*f + 0 = -2, -6 = 3*f. Suppose 89 = k*c - 159. Suppose 2*r - r = 16. Wha